e
Is 2169 a factor of 2574091?
False
Does 50 divide 283850?
True
Is 2 a factor of 165985?
False
Is 80 a factor of 2816821?
False
Is 8349921 a multiple of 195?
False
Is 2644464 a multiple of 444?
True
Is 327 a factor of 172002?
True
Does 32 divide 72861?
False
Is 1016910 a multiple of 45?
True
Is 3338266 a multiple of 27?
False
Is 20 a factor of 2192780?
True
Does 219 divide 556479?
True
Does 76 divide 259985?
False
Is 6 a factor of 3147222?
True
Is 82 a factor of 31980?
True
Does 27 divide 56511?
True
Does 36 divide 492876?
True
Does 27 divide 97146?
True
Is 18 a factor of 590346?
True
Is 63238 a multiple of 161?
False
Does 202 divide 96526?
False
Does 5 divide 258732?
False
Is 8 a factor of 3124454?
False
Is 4 a factor of 79449?
False
Is 6432 a multiple of 12?
True
Is 8690920 a multiple of 35?
True
Is 488647 a multiple of 28?
False
Does 774 divide 1884690?
True
Is 24 a factor of 996288?
True
Is 57 a factor of 155838?
True
Is 192 a factor of 224039?
False
Is 95 a factor of 663195?
True
Does 72 divide 726552?
True
Is 68544 a multiple of 56?
True
Does 190 divide 144780?
True
Is 237 a factor of 446725?
False
Is 87170 a multiple of 50?
False
Does 61 divide 429104?
False
Does 43 divide 5533666?
False
Is 79 a factor of 58223?
True
Is 28 a factor of 6868895?
False
Does 12 divide 841139?
False
Is 90 a factor of 342900?
True
Is 6 a factor of 578567?
False
Is 40 a factor of 929830?
False
Is 979470 a multiple of 18?
True
Is 204863 a multiple of 408?
False
Is 332 a factor of 225096?
True
Does 603 divide 586116?
True
Does 226 divide 483141?
False
Is 250502 a multiple of 406?
True
Does 166 divide 1699?
False
Is 157 a factor of 2153962?
False
Does 970 divide 9241190?
True
Does 89 divide 1979838?
False
Does 13 divide 5867038?
False
Is 3 a factor of 56745?
True
Is 187 a factor of 3180683?
True
Does 183 divide 5673?
True
Is 53970 a multiple of 21?
True
Is 389711 a multiple of 12?
False
Is 98 a factor of 1065492?
False
Is 630 a factor of 4106597?
False
Is 136 a factor of 6347023?
False
Is 11 a factor of 2193587?
True
Does 37 divide 711880?
True
Does 132 divide 74910?
False
Does 22 divide 1712373?
False
Is 165 a factor of 4570720?
False
Does 129 divide 61564?
False
Is 191 a factor of 1232332?
True
Is 89 a factor of 374792?
False
Is 1034820 a multiple of 45?
True
Is 1934303 a multiple of 486?
False
Does 16 divide 509360?
True
Does 112 divide 34413568?
True
Is 21 a factor of 1037204?
False
Does 26 divide 174911?
False
Does 4 divide 95836?
True
Is 328401 a multiple of 7?
False
Is 23 a factor of 1082702?
True
Does 4 divide 612695?
False
Is 131062 a multiple of 7?
False
Does 27 divide 3228606?
True
Is 2 a factor of 142068?
True
Is 14 a factor of 1934374?
False
Is 9 a factor of 4653598?
False
Is 20 a factor of 4660?
True
Is 8 a factor of 229909?
False
Is 943830 a multiple of 120?
False
Does 2 divide 50013?
False
Does 995 divide 7466480?
True
Is 237 a factor of 4848601?
False
Is 489983 a multiple of 38?
False
Does 22 divide 25027861?
False
Is 218942 a multiple of 210?
False
Does 31 divide 93124?
True
Does 74 divide 1424823?
False
Is 114312 a multiple of 24?
True
Does 318 divide 234055?
False
Is 4170942 a multiple of 20?
False
Is 10 a factor of 451571?
False
Is 313817 a multiple of 353?
True
Does 9 divide 29757?
False
Is 14 a factor of 2240490?
True
Is 49715 a multiple of 7?
False
Is 6419546 a multiple of 137?
True
Is 33 a factor of 33365?
False
Is 805486 a multiple of 902?
True
Does 12 divide 118716?
True
Does 1452 divide 5880092?
False
Is 166866 a multiple of 6?
True
Is 4 a factor of 416240?
True
Does 40 divide 332720?
True
Is 219050 a multiple of 130?
True
Is 46 a factor of 395830?
True
Does 165 divide 412821?
False
Is 9829 a multiple of 2?
False
Does 173 divide 618553?
False
Does 227 divide 1550053?
False
Is 703 a factor of 10746170?
False
Is 103863 a multiple of 23?
False
Is 6327465 a multiple of 76?
False
Does 75 divide 1220925?
True
Is 26 a factor of 1075438?
True
Does 12 divide 3755016?
True
Is 692839 a multiple of 11?
False
Does 172 divide 144308?
True
Is 714 a factor of 1208088?
True
Is 1330890 a multiple of 37?
True
Does 100 divide 468472?
False
Is 11 a factor of 732556?
True
Does 121 divide 264748?
True
Is 1124100 a multiple of 173?
False
Is 13 a factor of 405314?
True
Is 6476328 a multiple of 17?
False
Does 543 divide 72660?
False
Does 12 divide 6171660?
True
Is 42 a factor of 2532042?
False
Is 128736 a multiple of 216?
True
Does 489 divide 461616?
True
Is 360400 a multiple of 68?
True
Is 129 a factor of 1184091?
True
Does 30 divide 1233990?
True
Does 137 divide 9904440?
False
Is 10 a factor of 12610?
True
Is 107 a factor of 4451842?
True
Does 15 divide 651015?
True
Is 868608 a multiple of 26?
True
Is 1280000 a multiple of 200?
True
Does 20 divide 587897?
False
Does 2 divide 400?
True
Does 1098 divide 940333?
False
Is 64714 a multiple of 19?
True
Does 219 divide 1296042?
True
Is 1351794 a multiple of 263?
False
Is 262299 a multiple of 17?
False
Does 97 divide 266008?
False
Is 150 a factor of 415971?
False
Is 167110 a multiple of 10?
True
Is 261 a factor of 727146?
True
Is 30 a factor of 90134?
False
Is 1269053 a multiple of 23?
False
Is 32 a factor of 39456?
True
Is 4759736 a multiple of 999?
False
Is 40352 a multiple of 104?
True
Does 6 divide 22650?
True
Is 2068380 a multiple of 60?
True
Is 27 a factor of 362151?
True
Does 13 divide 37568?
False
Is 1364121 a multiple of 81?
True
Is 240004 a multiple of 326?
False
Is 26199 a multiple of 41?
True
Is 5 a factor of 62718?
False
Does 488 divide 6311792?
True
Is 96466 even?
True
Is 8 a factor of 44984?
True
Is 1878761 a multiple of 517?
False
Is 686 a factor of 1552117?
False
Is 93660 a multiple of 28?
True
Does 206 divide 158744?
False
Is 446975 a multiple of 20?
False
Is 51 a factor of 808656?
True
Is 739588 a multiple of 164?
False
Is 237048 a multiple of 102?
True
Does 132 divide 1625945?
False
Is 70 a factor of 200439?
False
Is 16248210 a multiple of 1749?
True
Is 132 a factor of 252780?
True
Is 469638 a multiple of 33?
False
Is 3790674 a multiple of 10?
False
Does 8 divide 1544920?
True
Is 7469730 a multiple of 150?
False
Is 5080242 a multiple of 6?
True
Does 115 divide 1560895?
True
Is 103 a factor of 53560?
True
Does 36 divide 1266774?
False
Is 1925503 a multiple of 347?
True
Is 44 a factor of 805588?
False
Is 159 a factor of 535353?
True
Does 25 divide 5313307?
False
Is 691360 a multiple of 32?
True
Is 39 a factor of 297013?
False
Does 88 divide 35288?
True
Is 198 a factor of 12806838?
True
Is 80128 a multiple of 14?
False
Is 2021 a multiple of 12?
False
Does 309 divide 1366089?
True
Is 3464188 a multiple of 1228?
True
Does 431 divide 1655040?
True
Does 40 divide 14776817?
False
Does 91 divide 189185?
False
Does 23 divide 11028997?
False
Is 216700 a multiple of 25?
True
Does 44 divide 312796?
True
Does 251 divide 2660539?
False
Is 9 a factor of 6307142?
False
Is 179 a factor of 180808?
False
Is 306 a factor of 677284?
False
Is 729145 a multiple of 18?
False
Is 185204 a multiple of 99?
False
Is 30464 a multiple of 7?
True
Is 19404 a multiple of 28?
True
Is 1447938 a multiple of 626?
True
Is 45053 a multiple of 27?
False
Does 6 divide 144672?
True
Does 120 divide 9048120?
True
Is 2598622 a multiple of 13?
True
Does 44 divide 25603?
False
Is 8 a factor of 4966?
False
Is 108240 a multiple of 12?
True
Does 13 divide 620711?
True
Does 9 divide 343082?
False
Does 7 divide 228634?
True
Is 176547 a multiple of 21?
True
Does 14 divide 96128?
False
Is 13410135 a multiple of 299?
False
Is 250 a factor of 277750?
True
Is 207088 a multiple of 163?
False
Is 133 a factor of 387296?
True
Is 586185 a multiple of 15?
True
Is 258055 a multiple of 101?
True
Is 104360 a multiple of 2?
True
Is 17 a factor of 10232640?
True
Is 44629 a multiple of 7?
False
Is 77771 a multiple of 7?
False
Does 13 divide 27209?
True
Is 42 a factor of 443385?
False
Does 20 divide 13971433?
False
Does 951 divide 344262?
True
Does 29 divide 276033?
False
Does 40 divide 1701200?
True
Is 305 a factor of 177693?
False
Does 140 divide 2174480?
True
Is 569541 a multiple of 41?
False
Does 45 divide 3065670?
True
Does 57 divide 263853?
True
Is 61550 a multiple of 50?
True
Is 607904 a multiple of 1140?
False
Is 81 a factor of 5228010?
False
Does 8 divi